 5 = -2*k + 5*t. Calculate the remainder when 29 is divided by k.
13
Calculate the remainder when 16 is divided by -5*(-12)/(-40)*-6.
7
Suppose 2*m = 2*b - 0*b + 18, -2*m = 2*b - 10. Calculate the remainder when 34 is divided by m.
6
Let k(f) = -2*f**3 + 6*f**2 + 5*f + 3. Let a be k(5). What is the remainder when (a/(-45))/(2/15) is divided by 5?
2
Suppose -5*r + 22 = -3*b, -2*b - 4*r + 19 = -3*b. Let a = b - 1. Suppose a*m + 4*m = 8. What is the remainder when 5 is divided by m?
1
Suppose 6*v = -0*v + 24. Suppose 2*d - 16 = v. What is the remainder when 27 is divided by d?
7
Let j(b) be the third derivative of b**5/60 + b**3/3 + 8*b**2. Calculate the remainder when j(0) is divided by 2.
0
Suppose 5*c - 115 = -5*j, 9*c - 4*c - 119 = -3*j. What is the remainder when c is divided by -13*(0/(-1) - 1)?
12
Let q(h) = h**3 + 2*h**2 - 4*h - 2. Let j be q(-3). Let s = j + 21. What is the remainder when s is divided by 8?
6
Let v = -20 - -63. Suppose v = 5*r - 2. Calculate the remainder when 25 is divided by r.
7
Let r = -9 + 5. Let v(j) = -2*j + 6. Let n(a) = -3*a + 5. Let d(t) = r*n(t) + 3*v(t). Calculate the remainder when d(2) is divided by 6.
4
Suppose -2*i = 3*n + 2*i - 22, 0 = n + i - 8. Let c(h) = -h**3 + 15*h**2 + 6. What is the remainder when n is divided by c(15)?
4
Suppose -z + 16 = z. Let v = -1 + z. What is the remainder when 27 is divided by v?
6
Let w(c) = -27*c**2 + c + 1. Let j be w(-1). Let l = j - -44. What is the remainder when l is divided by 6?
5
Let v = 94 + -60. Let i = 1 + v. Let a(m) = -m + 6. What is the remainder when i is divided by a(-6)?
11
Let m = -123 - -168. Calculate the remainder when m is divided by 29.
16
Let x(z) = -21*z**2 + 23*z - 33. Let p(b) = -5*b**2 + 6*b - 8. Let t(u) = -9*p(u) + 2*x(u). What is the remainder when t(5) is divided by 11?
8
Suppose 0*b + 5*b = 110. What is the remainder when 85 is divided by b?
19
Let m = 151 - 34. Let g = -18 - -48. What is the remainder when m is divided by g?
27
Let x = 10 + -21. Let l = -5 - x. Suppose w + w = l. What is the remainder when 10 is divided by w?
1
Let n = -17 + 26. What is the remainder when 62 is divided by n?
8
Let v = -2 + -8. Let r(n) = -2*n - 13. Calculate the remainder when 20 is divided by r(v).
6
Let p(l) = 2*l + 9. Calculate the remainder when p(9) is divided by 8.
3
Let c be 3*(1 + (-51)/(-9)). Suppose f + c = 2*f. Let b = -11 + f. What is the remainder when 25 is divided by b?
7
Let v = 5 + -11. Let i = v - -10. What is the remainder when 1 - -11 - (-5 - -6) is divided by i?
3
Let x = 14 - -69. What is the remainder when x is divided by 17?
15
Let n(a) = a**2 - 5*a - 2. Let p be n(6). Suppose 20 = p*m + 3*d, 0 = 3*m - d + 2 - 4. What is the remainder when 17/5 - 4/10 is divided by m?
1
Let s(f) = -f**3 + 5*f**2 + 18*f - 10. Suppose -8 = -2*v + 6. Calculate the remainder when 34 is divided by s(v).
16
Let o(t) = -82*t + 4. Let j be o(-3). Let d = -73 + j. Suppose 3*c + 27 = d. What is the remainder when c is divided by 17?
16
Let a(i) = i**3 - 14*i**2 + 22. Calculate the remainder when a(14) is divided by 8.
6
Let z(q) = 0*q**2 + 7 - q**3 + 5*q - 5*q**2 + 4*q**2 - 6*q**2. Calculate the remainder when z(-8) is divided by (-22)/(-8)*(-1 - -5).
9
What is the remainder when -1*(3 + -20 - -4) is divided by 4?
1
Let o = 55 - 35. Suppose 2*g - 3*g = -o. What is the remainder when 37 is divided by g?
17
Let r(y) = y**2 - 6*y - 11. Calculate the remainder when 18 is divided by r(8).
3
Calculate the remainder when (2 - 4) + 35 + 4 is divided by 13.
11
Suppose 2*n - 3 = 17. Let z = 23 - n. Suppose -3*m = -2*v - 116, 5*m - 6*v - 194 = -2*v. Calculate the remainder when m is divided by z.
12
Let k(v) = v**3 - 4*v**2 - 3*v - 5. Let n be k(5). Suppose 0 = n*m + d - 0*d - 145, -5*d = 0. Calculate the remainder when m is divided by 10.
9
Suppose z - 29 = g, -2*g + 7 = 2*z - 39. What is the remainder when z is divided by 15?
11
Let x(f) = f**3 - 11*f**2 + 3*f - 20. What is the remainder when x(11) is divided by 4?
1
Calculate the remainder when (-1*2)/(2/(-22)) is divided by 12.
10
Suppose 0 = 4*g + u, -2*g = -g + u. Suppose -5*p + 65 = -g. Calculate the remainder when 49 is divided by p.
10
Let o = 73 - 65. Calculate the remainder when 22 is divided by o.
6
Let x = -50 - -112. Calculate the remainder when x is divided by 13.
10
Let x = 147 + -135. Calculate the remainder when 34 is divided by x.
10
Suppose 0 = -8*v + 5*v - 12. Suppose -4*j - 3*a - a = -16, 4*a = 4*j. What is the remainder when (v/1)/(j/(-17)) is divided by 12?
10
Let a(p) = -21 + 21 + 3*p**2 + p. What is the remainder when 10 is divided by a(1)?
2
Let c(z) be the second derivative of -z**3/3 - 3*z**2/2 + 2*z. What is the remainder when -3 - 1/(-2)*62 is divided by c(-9)?
13
Let d(l) = 5 + l + 3*l + 2*l. Let o(r) = -2*r**3 - 4*r**2 - 2*r. Let u be o(-2). What is the remainder when d(u) is divided by 10?
9
Let f = -33 + 50. What is the remainder when 47 is divided by f?
13
Let n = 16 - 6. Suppose -2*b + 2*h = -68 - 6, 74 = 2*b + 4*h. Calculate the remainder when b is divided by n.
7
Let b = -12 + 18. Suppose i + 60 = b*i. What is the remainder when i is divided by 7?
5
Let i(u) = -u**3 + 4*u**2 + 4*u + 3. What is the remainder when i(4) is divided by -1 + 10 + 10/5?
8
Suppose -2*g - 559 = -6*g + 5*r, 2*r - 740 = -5*g. Suppose -2*i = h + h - 64, 4*i - g = 5*h. Calculate the remainder when i is divided by 1*-18*1*-1.
16
Let t = 97 - 160. Let u = 96 + t. Calculate the remainder when u is divided by 12.
9
Suppose 0 = -2*p - 3*p + 5, 2*q = -5*p + 9. Calculate the remainder when 11/q*(4 - 2) is divided by 4.
3
Let f(d) = 42*d**2 - d. What is the remainder when f(1) is divided by 7?
6
Suppose 5*t = 4*o, -3*t - 6 = -2*t - 2*o. Suppose -2*q - 2 = -t. What is the remainder when q is divided by 1*(3 - 4 - (2 - 4))?
0
Let p = -8 + 9. Suppose 3*g - p = 2*g. Calculate the remainder when 6 is divided by (g + 5)/(9/6).
2
Suppose -k + 105 = 2*k. What is the remainder when k is divided by 19?
16
Suppose 3*z + 8 = -z. Calculate the remainder when 5 is divided by (z - -2) + 1 + 2.
2
Let r(c) = -9*c + 7. What is the remainder when r(-7) is divided by 18?
16
Suppose -3*q = 2*g - 79, -4*q + q = g - 41. Suppose -g - 9 = -l. What is the remainder when l is divided by 16?
15
Let d be 3 - (-1 + 2 + 0). Suppose 3*w - o = 52, 38 = d*w - 4*o - 0*o. Let z(t) = -t**3 - 6*t**2 + 14*t - 7. What is the remainder when w is divided by z(-8)?
8
Let i = -30 + 42. What is the remainder when 34 is divided by i?
10
Suppose 4*a - 3*m - 1 = 5*a, -2*m = 5*a - 60. Suppose 5*p - 29 = -3*d, -5*d + 9*p = 4*p - 35. Calculate the remainder when a is divided by d.
6
Suppose -5*h + 2 = 5*s - 48, 0 = -3*s - 5*h + 30. Suppose -5*q = 4*i - 3*i - 181, -4*i - 53 = -q. What is the remainder when q is divided by s?
7
Let x = -8 - -12. Suppose 0 = -v + 15 - 2. What is the remainder when -1*(0 - (-2 + v)) is divided by x?
3
Suppose -5*k - 4*l = -k - 12, 0 = 3*k - 4*l - 16. What is the remainder when 11 is divided by k?
3
Let w = -7 + 11. Let g = 17 - w. What is the remainder when 50 is divided by g?
11
Let y = 1 + 2. Suppose z + z = 6. Suppose 16 = y*t + 5*l, 2*t = -z*l + 1 + 10. What is the remainder when t is divided by 4?
3
Let c = 11 - -2. What is the remainder when 25 is divided by c?
12
Let u = 15 - -5. What is the remainder when u is divided by (-20 - 1)*(-1)/3?
6
Suppose 1 = j - 25. Suppose -4*w - 198 = -2*i, 4*i - 64 = 3*w + 97. What is the remainder when j is divided by 4/(-10) - w/5?
8
Suppose -9*g + 76 = -5*g. Calculate the remainder when 37 is divided by g.
18
Let k(g) = -g**3 - g**2 + g - 1. Let p(d) = 5*d**3 + 3*d**2 + 11. Let r(m) = -6*k(m) - p(m). Calculate the remainder when 3 is divided by r(-4).
0
Calculate the remainder when 66 is divided by -14*(2/(-8) + 9/(-12)).
10
Let d(f) = -6*f**2 + 7 + f**3 - 2 + 2 + 2*f + f**2. Calculate the remainder when d(5) is divided by 6.
5
Calculate the remainder when 19 is divided by 192/20 + 6/15.
9
Let s = 4 - 2. Suppose 3*n = -2*v - s*n + 6, -4*n + 23 = 3*v. Calculate the remainder when v is divided by 16*(-2)/(-4) + -1.
6
Let c(p) = -p**3 - p**2 + p + 4. Calculate the remainder when c(-3) is divided by 6.
1
Let m be (-1)/(0 - (-4)/(-100)). Let p = m - 10. Let x(j) = j**3 + 3*j**2 - 2*j - 2. What is